{"id":5923,"date":"2014-12-11T10:06:53","date_gmt":"2014-12-11T08:06:53","guid":{"rendered":"http:\/\/www.taquilla.com\/blog\/?page_id=5923"},"modified":"2024-05-17T12:17:26","modified_gmt":"2024-05-17T10:17:26","slug":"quienes-somos-2","status":"publish","type":"page","link":"https:\/\/www.taquilla.com\/blog\/quienes-somos-2\/","title":{"rendered":"Qui\u00e9nes somos"},"content":{"rendered":"<p>Taquilla.com es un buscador que rastrea la red en busca de entradas para todo tipo de actividades de ocio y cultura. De esta forma no tienes que volverte loco de portal en portal intentando encontrar quien est\u00e1 vendiendo las entradas de tus eventos favoritos, y tampoco te quedar\u00e1 nunca la duda de si podr\u00edas haberlas conseguido a un precio m\u00e1s barato.<\/p>\n<p>Porque este es precisamente el objetivo de taquilla.com, el que puedas encontrar todas las entradas, siempre al mejor precio. Queremos que aproveches al m\u00e1ximo tu tiempo de ocio. As\u00ed que d\u00e9janos a nosotros el buscar las mejores ofertas para ti y t\u00fa simplemente enc\u00e1rgate de disfrutarlas!<\/p>\n<p>Adem\u00e1s, en este blog, intentamos mantenerte informado de todas las novedades del mundo del ocio&#8230;.d\u00e9jate inspirar!<br \/>\n<!--\nLas personas que forman el equipo que hace que todo esto sea posible son las siguientes:\n\n<strong>Direcci\u00f3n editorial y Social Media Strategists<\/strong>\n\n\n<ul>\n \t\n\n<li><a title=\"Art\u00edculos de In\u00e9s Rodr\u00edguez\" href=\"https:\/\/www.taquilla.com\/blog\/author\/ines\/\">In\u00e9s Rodr\u00edguez<\/a>. Tambi\u00e9n pod\u00e9is leerla en su blog de cr\u00edtica musical: Melolagnia.<\/li>\n\n\n \t\n\n<li><a title=\"Art\u00edculos de Jenifer Moyano\" href=\"https:\/\/www.taquilla.com\/blog\/author\/jmoyano\/\">Jenifer Moyano<\/a><\/li>\n\n\n<\/ul>\n\n\n<strong>Antiguos redactores<\/strong>\n\n\n<ul>\n        \n\n<li><a title=\"Art\u00edculos de Ana Belenguer\" href=\"https:\/\/www.taquilla.com\/blog\/author\/ana-belenguer\/\">Ana Belenguer<\/a>. Tambi\u00e9n pod\u00e9is verla en su canal de YouTube: <a rel=\"nofollow\" href=\"https:\/\/www.youtube.com\/channel\/UCW1EfzO1E3UVlrv0Sk0YD5w\/videos\">Ana Bim<\/a>.<\/li>\n\n\n \t\n\n<li><a title=\"Art\u00edculos de Esperanza Paniagua\" href=\"https:\/\/www.taquilla.com\/blog\/author\/esperanza\/\">Esperanza Paniagua<\/a><\/li>\n\n\n \t\n\n<li>Carlos Ayll\u00f3n Sanz<\/li>\n\n\n \t\n\n<li>Marina Saro<\/li>\n\n\n \t\n\n<li><a title=\"Art\u00edculos de Alba Felipe\" href=\"https:\/\/www.taquilla.com\/blog\/author\/alba\/\">Alba Felipe<\/a><\/li>\n\n\n \t\n\n<li>Patricia Hern\u00e1ndez<\/li>\n\n\n<\/ul>\n\n\n&nbsp;\n\n&nbsp;\n--><\/p>\n","protected":false},"excerpt":{"rendered":"<p>Taquilla.com es un buscador que rastrea la red en busca de entradas para todo tipo de actividades de ocio y cultura. De esta forma no tienes que volverte loco de portal en portal intentando encontrar quien est\u00e1 vendiendo las entradas de tus eventos favoritos, y tampoco te quedar\u00e1 nunca la duda de si podr\u00edas haberlas [&hellip;]<\/p>\n","protected":false},"author":2,"featured_media":0,"parent":0,"menu_order":0,"comment_status":"open","ping_status":"open","template":"","meta":{"footnotes":""},"class_list":["post-5923","page","type-page","status-publish","hentry"],"aioseo_notices":[],"amp_enabled":true,"_links":{"self":[{"href":"https:\/\/www.taquilla.com\/blog\/wp-json\/wp\/v2\/pages\/5923","targetHints":{"allow":["GET"]}}],"collection":[{"href":"https:\/\/www.taquilla.com\/blog\/wp-json\/wp\/v2\/pages"}],"about":[{"href":"https:\/\/www.taquilla.com\/blog\/wp-json\/wp\/v2\/types\/page"}],"author":[{"embeddable":true,"href":"https:\/\/www.taquilla.com\/blog\/wp-json\/wp\/v2\/users\/2"}],"replies":[{"embeddable":true,"href":"https:\/\/www.taquilla.com\/blog\/wp-json\/wp\/v2\/comments?post=5923"}],"version-history":[{"count":17,"href":"https:\/\/www.taquilla.com\/blog\/wp-json\/wp\/v2\/pages\/5923\/revisions"}],"predecessor-version":[{"id":22547,"href":"https:\/\/www.taquilla.com\/blog\/wp-json\/wp\/v2\/pages\/5923\/revisions\/22547"}],"wp:attachment":[{"href":"https:\/\/www.taquilla.com\/blog\/wp-json\/wp\/v2\/media?parent=5923"}],"curies":[{"name":"wp","href":"https:\/\/api.w.org\/{rel}","templated":true}]}}